t of x?
1
Let y(w) = -53*w - 72. Let h(j) = -j**2 - 11*j + 8. Let n be h(-13). What is the tens digit of y(n)?
8
Let y(m) = -m**3 + 59*m**2 - 139*m + 125. Let r be (124/8 + -5)*(-48)/(-9). What is the tens digit of y(r)?
4
Let a = -6261 + 7163. What is the hundreds digit of a?
9
What is the thousands digit of 1136097/33 - 242/1331?
4
Let u(v) = 45*v + 28 + 43*v + 67 - 30. What is the tens digit of u(8)?
6
Let s be (-10930)/(-14) + (-4)/(-14)*1. Suppose 8*n = s + 3171. What is the hundreds digit of n?
4
Let k = -1 + 48. Suppose 0 = 4*m + n + k, 4*n + 44 = -8*m + 4*m. What is the tens digit of (-4186)/(-65) + (2 - m/(-5))?
6
Suppose -4*w - 2 = 10. Let c be 12/(-10)*((-42)/9 - w). Suppose 3*g + 312 = 3*j - 132, -5*g = -c*j + 311. What is the tens digit of j?
4
What is the thousands digit of (250/(-150))/((-10)/157674)?
6
Let c(m) = -288*m**3 - 3*m**2 + 90*m + 567. What is the hundreds digit of c(-6)?
1
Let q(w) be the second derivative of w**4/2 + 11*w**3/3 + 23*w**2/2 - 2*w + 1. What is the units digit of q(-11)?
7
Let t = 9508 - 2756. What is the tens digit of 3/(3 - 20232/t)?
4
Let f(g) = -14*g**2 + 5*g + 3. Let p be f(-3). Suppose -6*q + 5 = -3*q + 2*c, 4*c = -2*q + 14. What is the tens digit of ((-5)/(-10))/(q/p)?
6
Suppose -259 = 3*l + 242. Suppose -7*p = -32*p + 6500. Let i = p + l. What is the tens digit of i?
9
Let x = 37 - -28. Let a = 269 - x. Let w = -77 + a. What is the units digit of w?
7
Suppose -21*m + 7*m = 25*m - 387309. What is the hundreds digit of m?
9
Let p(x) = -18*x - 10. Suppose 2*t + u = -2 + 6, -4*u + 16 = 3*t. Suppose 68*b - 73*b - 50 = t. What is the units digit of p(b)?
0
Let c(u) = -u**3 + 13*u**2 - u - 17. Let s = -11 - -41. Let m be (15/18)/(5/s). What is the units digit of c(m)?
8
Suppose -2*j + 2*b + 13402 = 0, 6683 = j + 4*b + b. What is the units digit of j?
8
Let f be (6/(7 + -13))/((-1)/51). Let d = -66 + f. Let n = 57 + d. What is the tens digit of n?
4
Let b(i) = -738*i**3 - 3*i**2 - 117. What is the hundreds digit of b(-5)?
0
Let d(q) = q**2 + 13*q - 1307. What is the hundreds digit of d(36)?
4
Suppose -3*b + 6 = 0, 0*y - 3*b = 5*y - 431. Let p = -81 + y. Suppose -f = -p*d + 551, -10 = -2*f - 0*f. What is the hundreds digit of d?
1
Suppose 15*w = 7*w + 1088. Suppose -13*g + w = 19. Suppose b - g*s + 4*s = 29, 0 = -b - s + 17. What is the units digit of b?
9
Let s(q) = -2*q**2 + 4*q + 6. Let b be s(3). Suppose -6*t - 2995 = -11*t + 5*g, -2*g + 2 = b. What is the units digit of t?
0
What is the ten thousands digit of 26895*(-8)/(-180)*18?
2
Suppose 0*n + 30 = 5*n. Suppose n*k - 626 = 1294. Suppose 4*o = 4*v + 324, 2*v = -4*o + 5*v + k. What is the tens digit of o?
7
Let u = -44713 + 87702. What is the thousands digit of u?
2
Let s(g) = 254*g**3 + g. Let a be s(1). Let v(o) = 10*o - 7. Let w be v(-11). Let j = w + a. What is the hundreds digit of j?
1
Let d(h) = -h**3 - h**2. Let c(n) = -5*n**3 - 13*n**2 - 6*n + 14. Let k(s) = -c(s) + 6*d(s). Let l be k(10). Let q = -125 - l. What is the tens digit of q?
2
Suppose 0 = -4*u - 12, 3*p + 0*u - 4*u - 7548 = 0. Let l be 10/15 - p/(-12). Suppose -336 = -5*c - g + 4*g, -l = -3*c - g. What is the tens digit of c?
6
Let t = -1093 + 465. Let w = t + 943. What is the tens digit of w?
1
Let v = 7437 + -3242. Suppose 0 = 9*d - v - 1655. What is the tens digit of d?
5
Let n = 14 + -15. Let x be 30*(n + (-3)/(-9)). What is the units digit of 828/10 + 16/x?
2
Let b(r) = -57*r**2 + 711*r + 13. What is the hundreds digit of b(5)?
1
Suppose 4*f - 9*f + 3*i - 2091 = 0, -5*i = -10. Let k = f + 767. What is the hundreds digit of k?
3
Suppose 26*m - 305661 = 612295. What is the units digit of m?
6
Let b(w) = -w**3 + 20*w**2 - 6*w - 12. Let s be -3 - -51 - 4 - (-6)/(-3). Suppose 5*r - 53 = s. What is the tens digit of b(r)?
3
Let x = -123 + 216. Suppose -2*r = 3*k - 2 + 4, -2*r + 8 = -2*k. Suppose -2*j - x + 19 = -n, r*n - 143 = 5*j. What is the tens digit of n?
8
Suppose -2*s - 4 = -4*s. Suppose 1110*f - 1108*f = 428. Suppose 2*l = -3*l + s*h + 573, -f = -2*l - 3*h. What is the units digit of l?
3
Suppose -17*q + 20*q = -w + 17, 5*q + 5 = 0. What is the tens digit of (-200)/25 + 12*w?
3
Let x(p) be the second derivative of -2*p**5/5 - p**4/12 + 2*p**3 + 3*p**2 - 4*p + 3. What is the units digit of x(-5)?
1
Let g(q) = 2819*q - 3038. What is the ten thousands digit of g(13)?
3
Suppose m = 4, -5*m = 3*u - 2*u - 145. Suppose 118 = -w + u. Let p(y) = 23*y - 55. What is the tens digit of p(w)?
0
Suppose -2*q + 3704 = 4*j, 2*q - 29*j + 24*j - 3740 = 0. What is the thousands digit of q?
1
Suppose c - 3 = 4*c, 2*m = 2*c + 1378. Suppose -2*d - m = -4*d. Suppose -4*p - 2*a = -280, -4*p - a + d = p. What is the units digit of p?
8
What is the hundreds digit of 23166110/990 - 8/(-9)?
4
Let c(b) = -886*b - 3086. What is the units digit of c(-44)?
8
Suppose 6*j = 26 + 832. Let p = j + 19. What is the tens digit of p?
6
Suppose 22 = 2*i - 92. Suppose 0 = -203*q + 214*q + 517. Let n = q + i. What is the units digit of n?
0
Let i(s) = 3*s - 27. Suppose -3*p + 30 = -2*q - 3*q, 3*p - 30 = -4*q. Let y be i(p). Suppose 3*c - 13 = 4*z - y*z, 5*c - 3*z = 27. What is the units digit of c?
3
Let o(i) = 28*i + 63*i + 43 - 16*i + 48*i. What is the hundreds digit of o(4)?
5
Let g(s) = -5*s - 32. Let z be g(-7). Suppose -z*u - 31 = -4*d + 21, -3*d + u = -39. Suppose 97 + d = 2*i. What is the units digit of i?
5
Suppose 196*s + 671509 = 4203821. What is the hundreds digit of s?
0
Let m = 18 - 16. Let j be ((-6)/12)/(m/(-16)). Suppose -25 = -3*i + 2*k, 0 = 6*i - 2*i - j*k - 36. What is the units digit of i?
7
Let k = -1037 + 1696. What is the hundreds digit of (k/3)/(26/6 - 4)?
6
Let c(g) = -g - 24. Let o be c(-25). Let s be 3*o*(-68)/(-51). What is the units digit of (-975)/(-10)*s/6?
5
Suppose 2*t - 13*i + 16*i = 33083, -2*t - 4*i = -33090. What is the hundreds digit of t?
5
Suppose 71*h - 70*h + 22273 = 2*f, 0 = -4*f - h + 44525. What is the thousands digit of f?
1
Let o(b) = -2*b**3 + 4*b**2 + 7*b + 6. Let a be o(-5). Let m = a + 200. What is the hundreds digit of m?
5
Let n(w) = w**3 - 9*w**2 - 10*w + 3. Let t be n(10). Suppose -5*y - 381 = b - 95, 0 = t*b + 5*y + 898. Let u = -136 - b. What is the units digit of u?
0
Let f be 2 - (16/(-16))/(0 + 1). Suppose 5*w - 208 = -f*n, -2*n - n + 5*w + 158 = 0. What is the tens digit of n?
6
Let b be 327/2*(8 - 4). Let g = 1164 - b. What is the hundreds digit of g?
5
Suppose 0 = m - l - 44778, 0 = 2*m - 20*l + 19*l - 89555. What is the hundreds digit of m?
7
Let w(c) = 3*c - 16. Let l be w(-10). Let g = -47 - l. What is the tens digit of (-2 - g)*(-2 + (-3 - 82))?
8
Let l = -1014 - -1737. Let f = -416 + l. What is the tens digit of f?
0
Let c(l) = -l**3 - 41*l**2 - 198*l - 52. What is the tens digit of c(-43)?
6
Suppose -495 = -5*g - 5*v, -13*v + 8*v + 301 = 3*g. Suppose -z + 3*w + 63 = -g, 0 = -2*w - 6. What is the hundreds digit of z?
1
Suppose -177 = -2*s + 5*u, -3*s - u + 223 = -0*u. Let o = -71 + s. Suppose -3*g - 4 - 5 = 0, -o*h = 3*g - 81. What is the units digit of h?
8
Suppose -2*r + 4*m + 8094 + 4146 = 0, r - 5*m = 6111. What is the units digit of r?
6
Let n be (-15)/90 + -9626*(-1)/12. Suppose -3*d + 38 = 5. Suppose 7*h + d - n = 0. What is the units digit of h?
3
Suppose 3990*t = 3991*t - 2532. What is the hundreds digit of t?
5
Suppose -461*m + 214*m + 887778 = -216*m. What is the units digit of m?
8
Suppose -2*a + 4*o = -17386, -9*a = -5*a + 2*o - 34752. What is the thousands digit of a?
8
Let l be (-2196)/(-99) - (-2)/(-11). Let t = -22 + l. What is the units digit of (t + -3)/(-2 + -1)?
1
Let o be ((-18)/(-45))/(2 - (-59)/(-30)). Suppose -9*g - 66 = -o. What is the units digit of (-4)/(-6)*(-3)/g*213?
1
Let v(f) = 1753*f**2 - 250*f + 1052. What is the thousands digit of v(4)?
8
What is the hundreds digit of 1/(-3) + (-615480)/(-72)?
5
Suppose -19*b + 554415 + 62929 = 34*b. What is the thousands digit of b?
1
Suppose -h + 6048 = -1414*v + 1415*v, 5*v = 5*h + 30310. What is the thousands digit of v?
6
Let k = 23 - 23. Suppose k*w = -3*w + 1170. What is the tens digit of w?
9
Let l = -2521 + 7786. What is the tens digit of l?
6
Let s(y) = 10*y**2 - 168*y - 35. What is the tens digit of s(-15)?
3
Suppose 2*x = 3*s - 11, -s - 3*x = -18 + 7. Suppose -4